 is -1111001 (base 2) in base 3?
-11111
Convert -12 (base 7) to base 12.
-9
0 (base 10) to base 13
0
1 (base 12) to base 6
1
223 (base 4) to base 16
2b
6 (base 14) to base 16
6
What is -87 (base 10) in base 5?
-322
What is 1004 (base 5) in base 8?
201
Convert -22 (base 5) to base 10.
-12
-1110 (base 2) to base 10
-14
-255 (base 8) to base 3
-20102
What is 121 (base 3) in base 4?
100
0 (base 6) to base 12
0
Convert 35 (base 9) to base 15.
22
Convert -114 (base 10) to base 3.
-11020
What is 120 (base 9) in base 11?
90
Convert 141 (base 5) to base 10.
46
Convert 1a (base 15) to base 13.
1c
3 (base 5) to base 9
3
What is 11001 (base 2) in base 4?
121
Convert 78 (base 14) to base 10.
106
1 (base 5) to base 6
1
What is -2 (base 10) in base 14?
-2
-4 (base 12) to base 7
-4
Convert 0 (base 2) to base 12.
0
Convert -111100 (base 2) to base 16.
-3c
-201 (base 3) to base 2
-10011
What is 2 (base 13) in base 8?
2
What is 1331 (base 4) in base 16?
7d
Convert -323 (base 4) to base 5.
-214
What is -3 (base 6) in base 2?
-11
-1 (base 8) to base 13
-1
Convert 120 (base 9) to base 8.
143
Convert 0 (base 6) to base 16.
0
20 (base 4) to base 14
8
Convert -13 (base 4) to base 9.
-7
Convert 189 (base 12) to base 5.
1444
Convert -11021 (base 3) to base 5.
-430
Convert -352 (base 7) to base 16.
-b8
What is 4f (base 16) in base 3?
2221
-6 (base 10) to base 6
-10
What is -3 (base 14) in base 3?
-10
-24 (base 6) to base 3
-121
Convert -30 (base 9) to base 7.
-36
Convert 71 (base 12) to base 5.
320
Convert b (base 13) to base 7.
14
Convert 175 (base 15) to base 5.
2320
Convert 10 (base 5) to base 13.
5
-4 (base 15) to base 11
-4
3 (base 7) to base 13
3
-20 (base 10) to base 11
-19
What is 76 (base 8) in base 14?
46
Convert -2 (base 11) to base 10.
-2
5 (base 7) to base 4
11
2a (base 15) to base 2
101000
What is -1 (base 4) in base 5?
-1
What is 20 (base 3) in base 4?
12
Convert 30 (base 4) to base 2.
1100
1 (base 15) to base 13
1
-2020 (base 5) to base 10
-260
-2 (base 10) to base 14
-2
1 (base 12) to base 15
1
-6 (base 7) to base 14
-6
11 (base 4) to base 14
5
Convert -75 (base 8) to base 6.
-141
11 (base 12) to base 7
16
Convert 7 (base 10) to base 11.
7
What is 305 (base 6) in base 8?
161
b (base 13) to base 5
21
-125 (base 6) to base 10
-53
Convert -5d (base 15) to base 13.
-6a
-11 (base 6) to base 12
-7
What is c (base 15) in base 13?
c
Convert -173 (base 11) to base 8.
-311
What is a (base 13) in base 14?
a
Convert 1 (base 4) to base 11.
1
454 (base 6) to base 13
109
What is 20 (base 3) in base 15?
6
What is 32 (base 13) in base 12?
35
Convert 51 (base 16) to base 2.
1010001
What is -2 (base 9) in base 7?
-2
0 (base 14) to base 10
0
What is c (base 16) in base 8?
14
Convert -162 (base 15) to base 7.
-632
Convert 1 (base 4) to base 8.
1
What is 11 (base 14) in base 13?
12
-22 (base 3) to base 11
-8
-1 (base 15) to base 13
-1
11 (base 6) to base 12
7
What is 12 (base 3) in base 9?
5
Convert 77 (base 9) to base 8.
106
-a (base 14) to base 16
-a
Convert 5 (base 15) to base 2.
101
What is 1203 (base 6) in base 7?
564
-22 (base 3) to base 4
-20
Convert -3 (base 14) to base 13.
-3
Convert 10 (base 3) to base 14.
3
Convert -23 (base 7) to base 4.
-101
Convert 4 (base 13) to base 16.
4
What is -2133 (base 4) in base 13?
-c3
Convert -25 (base 7) to base 5.
-34
-1222 (base 4) to base 12
-8a
-401 (base 8) to base 12
-195
What is 1d (base 15) in base 3?
1001
What is 221 (base 5) in base 12?
51
-4 (base 5) to base 6
-4
What is -5 (base 12) in base 14?
-5
What is -6 (base 16) in base 9?
-6
What is 1111 (base 2) in base 4?
33
Convert 15 (base 10) to base 13.
12
What is 0 (base 5) in base 11?
0
What is -1 (base 14) in base 2?
-1
What is 181 (base 13) in base 14?
158
Convert -11 (base 5) to base 16.
-6
What is 323 (base 4) in base 15?
3e
Convert 103 (base 5) to base 15.
1d
Convert 10 (base 8) to base 12.
8
What is -100 (base 3) in base 4?
-21
What is 8 (base 15) in base 7?
11
Convert -4 (base 15) to base 11.
-4
4 (base 14) to base 13
4
Convert -214 (base 5) to base 16.
-3b
What is 8 (base 15) in base 13?
8
Convert 0 (base 10) to base 9.
0
Convert 1 (base 8) to base 16.
1
Convert 1 (base 2) to base 15.
1
Convert 23 (base 8) to base 10.
19
What is 95 (base 13) in base 2?
1111010
-54 (base 14) to base 4
-1022
Convert -2 (base 14) to base 11.
-2
1 (base 10) to base 7
1
What is -2 (base 11) in base 15?
-2
What is 14 (base 15) in base 7?
25
3 (base 15) to base 14
3
Convert -2 (base 16) to base 3.
-2
-6 (base 10) to base 11
-6
-4f (base 16) to base 14
-59
Convert 0 (base 3) to base 5.
0
Convert -115 (base 7) to base 16.
-3d
What is -232 (base 5) in base 13?
-52
What is -16 (base 7) in base 12?
-11
Convert 24 (base 14) to base 12.
28
Convert -12 (base 3) to base 9.
-5
-511 (base 7) to base 2
-11111101
What is 123 (base 7) in base 16?
42
Convert 0 (base 10) to base 13.
0
Convert -67 (base 9) to base 12.
-51
144 (base 7) to base 4
1101
Convert -6 (base 9) to base 15.
-6
2 (base 9) to base 8
2
What is 3 (base 6) in base 4?
3
Convert 1 (base 3) to base 11.
1
-513 (base 7) to base 14
-143
-b4 (base 14) to base 9
-185
Convert -133 (base 6) to base 3.
-2010
What is -22 (base 11) in base 16?
-18
What is 3 (base 14) in base 3?
10
Convert -245 (base 12) to base 9.
-418
Convert -463 (base 7) to base 12.
-181
What is -11 (base 2) in base 5?
-3
Convert 1110 (base 3) to base 16.
27
What is 78 (base 15) in base 12?
95
What is -2000 (base 3) in base 5?
-204
2 (base 16) to base 8
2
Convert -2 (base 5) to base 3.
-2
Convert -17 (base 15) to base 14.
-18
-31 (base 11) to base 2
-100010
What is -104 (base 5) in base 16?
-1d
What is 17 (base 16) in base 14?
19
32 (base 7) to base 15
18
30 (base 4) to base 8
14
Convert 151 (base 9) to base 14.
91
What is 2 (base 12) in base 7?
2
What is 446 (base 7) in base 8?
346
What is 3 (base 10) in base 15?
3
What is -51 (base 16) in base 14?
-5b
-1 (base 3) to base 2
-1
57 (base 11) to base 4
332
-1001 (base 2) to base 4
-21
41 (base 15) to base 6
141
Convert -6 (base 11) to base 10.
-6
28 (base 14) to base 13
2a
Convert -141 (base 5) to base 16.
-2e
Convert 5 (base 12) to base 6.
5
-33 (base 8) to base 13
-21
What is 1b (base 14) in base 15?
1a
What is -1 (base 3) in base 12?
-1
-242 (base 9) to base 6
-532
What is -1 (base 8) in base 16?
-1
-36 (base 13) to base 5
-140
Convert -3 (base 9) to base 11.
-3
Convert 4 (base 15) to base 4.
10
-10 (base 2) to base 9
-2
Convert -a1 (base 13) to base 10.
-131
What is 154 (base 8) in base 4?
1230
215 (base 6) to base 7
146
Convert 2 (base 4) to base 15.
2
9 (base 14) to base 3
100
Convert -345 (base 6) to base 14.
-9b
Convert -2 (base 14) to base 6.
-2
What is 1 (base 8) in base 11?
1
-e (base 15) to base 11
-13
Convert -30 (base 11) to base 2.
-100001
2 (base 9) to base 16
2
-21 (base 6) to base 15
-d
11 (base 8) to base 13
9
What is -1 (base 14) in base 15?
-1
Convert -134 (base 12) to base 4.
-2320
Convert 2 (base 10) to base 15.
2
What is 81 (base 11) in base 10?
89
Convert 29 (base 16) to base 12.
35
-365 (base 8) to base 3
-100002
What is 210 (base 3) in base 13?
18
Convert 12 (base 6) to base 8.
10
Convert -4 (base 12) to base 10.
-4
What is 108 (base 9) in base 11?
81
2 (base 10) to base 16
2
Convert -12 (base 3) to base 14.
-5
112 (base 7) to base 15
3d
Convert 0 (base 7) to base 12.
0
What is -23 (base 10) in base 13?
-1a
Convert 225 (base 7) to base 12.
99
Convert -10 (base 4) to base 16.
-4
8 (base 10) to base 16
8
-110001 (base 2) to base 7
-100
Convert -16 (base 9) to base 14.
-11
2 (base 12) to base 4
2
What is -140 (base 6) in base 3?
-2020
Convert -6 (base 10) to base 5.
-11
Convert -2 (base 15) to base 16.
-2
-38 (base 13) to base 5
-142
10 (base 9) to base 3
100
-27 (base 9) to base 13
-1c
What is -1a3 (base 11) in base 8?
-352
Convert -7b (base 13) to base 5.
-402
Convert -1 (base 14) to base 15.
-1
112 (base 3) to base 12
12
-25 (base 16) to base 4
-211
181 (base 10) to base 6
501
88 (base 11) to base 2
1100000
What is -17 (base 12) in base 8?
-23
1 (base 8) to base 3
1
What is 1 (base 2) in base 16?
1
What is 1110100 (base 2) in base 11?
a6
What is 195 (base 14) in base 10?
327
What is -75 (base 13) in base 12?
-80
Convert -54 (base 8) to base 10.
-44
What is d (base 14) in base 3?
111
10 (base 2) to bas